{"id":20,"date":"2023-11-27T16:00:35","date_gmt":"2023-11-27T15:00:35","guid":{"rendered":"http:\/\/philgi.com\/?page_id=20"},"modified":"2024-02-16T13:56:51","modified_gmt":"2024-02-16T12:56:51","slug":"philgi","status":"publish","type":"page","link":"https:\/\/www.philgi.com\/","title":{"rendered":"Pr\u00e9sentation"},"content":{"rendered":"\t\t<div data-elementor-type=\"wp-page\" data-elementor-id=\"20\" class=\"elementor elementor-20\">\n\t\t\t\t<div class=\"elementor-element elementor-element-09a4a08 e-flex e-con-boxed e-con e-parent\" data-id=\"09a4a08\" data-element_type=\"container\" data-settings=\"{&quot;background_background&quot;:&quot;gradient&quot;}\">\n\t\t\t\t\t<div class=\"e-con-inner\">\n\t\t\t\t<div class=\"elementor-element elementor-element-8b9e661 elementor-widget elementor-widget-heading\" data-id=\"8b9e661\" data-element_type=\"widget\" data-widget_type=\"heading.default\">\n\t\t\t\t<div class=\"elementor-widget-container\">\n\t\t\t\t\t<h2 class=\"elementor-heading-title elementor-size-default\">Pr\u00e9sentation<\/h2>\t\t\t\t<\/div>\n\t\t\t\t<\/div>\n\t\t\t\t\t<\/div>\n\t\t\t\t<\/div>\n\t\t<div class=\"elementor-element elementor-element-a4d06cd e-flex e-con-boxed e-con e-parent\" data-id=\"a4d06cd\" data-element_type=\"container\">\n\t\t\t\t\t<div class=\"e-con-inner\">\n\t\t<div class=\"elementor-element elementor-element-32fdccd e-con-full e-flex e-con e-child\" data-id=\"32fdccd\" data-element_type=\"container\">\n\t\t\t\t<div class=\"elementor-element elementor-element-621b6b5 elementor-widget elementor-widget-image\" data-id=\"621b6b5\" data-element_type=\"widget\" data-widget_type=\"image.default\">\n\t\t\t\t<div class=\"elementor-widget-container\">\n\t\t\t\t\t\t\t\t\t\t\t\t\t\t\t<img fetchpriority=\"high\" decoding=\"async\" width=\"1024\" height=\"484\" src=\"https:\/\/www.philgi.com\/wp-content\/uploads\/2023\/12\/fond-album-avecvous-1024x484.jpg\" class=\"attachment-large size-large wp-image-138\" alt=\"\" srcset=\"https:\/\/www.philgi.com\/wp-content\/uploads\/2023\/12\/fond-album-avecvous-1024x484.jpg 1024w, https:\/\/www.philgi.com\/wp-content\/uploads\/2023\/12\/fond-album-avecvous-300x142.jpg 300w, https:\/\/www.philgi.com\/wp-content\/uploads\/2023\/12\/fond-album-avecvous-768x363.jpg 768w, https:\/\/www.philgi.com\/wp-content\/uploads\/2023\/12\/fond-album-avecvous-1536x726.jpg 1536w, https:\/\/www.philgi.com\/wp-content\/uploads\/2023\/12\/fond-album-avecvous-2048x969.jpg 2048w\" sizes=\"(max-width: 1024px) 100vw, 1024px\" \/>\t\t\t\t\t\t\t\t\t\t\t\t\t\t\t<\/div>\n\t\t\t\t<\/div>\n\t\t\t\t<\/div>\n\t\t<div class=\"elementor-element elementor-element-fdcbe2d e-con-full e-flex e-con e-child\" data-id=\"fdcbe2d\" data-element_type=\"container\">\n\t\t\t\t<div class=\"elementor-element elementor-element-ff32487 elementor-widget elementor-widget-text-editor\" data-id=\"ff32487\" data-element_type=\"widget\" data-widget_type=\"text-editor.default\">\n\t\t\t\t<div class=\"elementor-widget-container\">\n\t\t\t\t\t\t\t\t\t<p>N\u00e9 \u00e0 Albi dans le Sud Ouest de la France, Philgi est un amoureux des mots et de la langue Fran\u00e7aise qui s\u2019est essay\u00e9 sur le tard \u00e0 l\u2019\u00e9criture de texte et \u00e0 la composition avec pour point de d\u00e9part une lettre \u00e9crite \u00e0 ses enfants en y ajoutant pour s\u2019amuser quelques accords de guitare qui sont devenus sa premi\u00e8re chanson&#8230; \u00ab Avec Vous \u00bb.<\/p>\t\t\t\t\t\t\t\t<\/div>\n\t\t\t\t<\/div>\n\t\t\t\t<\/div>\n\t\t\t\t\t<\/div>\n\t\t\t\t<\/div>\n\t\t<div class=\"elementor-element elementor-element-5fcc382 e-flex e-con-boxed e-con e-parent\" data-id=\"5fcc382\" data-element_type=\"container\">\n\t\t\t\t\t<div class=\"e-con-inner\">\n\t\t\t\t<div class=\"elementor-element elementor-element-3999457 elementor-widget elementor-widget-text-editor\" data-id=\"3999457\" data-element_type=\"widget\" data-widget_type=\"text-editor.default\">\n\t\t\t\t<div class=\"elementor-widget-container\">\n\t\t\t\t\t\t\t\t\t<p>De cette premi\u00e8re exp\u00e9rience passionnante est n\u00e9e l\u2019envie de poursuivre l\u2019\u00e9criture sur des th\u00e8mes vari\u00e9s issus de l\u2019observation de la vie quotidienne tel ce sans-abri faisant l\u2019aum\u00f4ne devant la file d\u2019attente de clients attendant pour entrer dans la boutique\u00a0 Louis Vuitton des Champs Elys\u00e9es, les attentats, l\u2019amour, le temps qui fuit, les injustices, l\u2019amiti\u00e9 ou encore les r\u00e9seaux sociaux&#8230;<\/p>\t\t\t\t\t\t\t\t<\/div>\n\t\t\t\t<\/div>\n\t\t\t\t\t<\/div>\n\t\t\t\t<\/div>\n\t\t<div class=\"elementor-element elementor-element-6e01356 e-flex e-con-boxed e-con e-parent\" data-id=\"6e01356\" data-element_type=\"container\">\n\t\t\t\t\t<div class=\"e-con-inner\">\n\t\t<div class=\"elementor-element elementor-element-00e578a e-con-full e-flex e-con e-child\" data-id=\"00e578a\" data-element_type=\"container\">\n\t\t\t\t<div class=\"elementor-element elementor-element-74b54fd elementor-widget elementor-widget-text-editor\" data-id=\"74b54fd\" data-element_type=\"widget\" data-widget_type=\"text-editor.default\">\n\t\t\t\t<div class=\"elementor-widget-container\">\n\t\t\t\t\t\t\t\t\t<p>Artiste amateur, Philgi compense\u00a0son inexp\u00e9rience par une sinc\u00e9rit\u00e9 et un engagement total au service de ses textes et bien aid\u00e9 par les arrangements soign\u00e9s\u00a0de son complice St\u00e9phane Bonacci.<\/p>\t\t\t\t\t\t\t\t<\/div>\n\t\t\t\t<\/div>\n\t\t\t\t<\/div>\n\t\t<div class=\"elementor-element elementor-element-dcf8756 e-con-full e-flex e-con e-child\" data-id=\"dcf8756\" data-element_type=\"container\">\n\t\t\t\t<div class=\"elementor-element elementor-element-253fb7f elementor-widget elementor-widget-image\" data-id=\"253fb7f\" data-element_type=\"widget\" data-widget_type=\"image.default\">\n\t\t\t\t<div class=\"elementor-widget-container\">\n\t\t\t\t\t\t\t\t\t\t\t\t\t\t\t<img decoding=\"async\" width=\"1024\" height=\"768\" src=\"https:\/\/www.philgi.com\/wp-content\/uploads\/2023\/12\/IMG_9868-1024x768.jpg\" class=\"attachment-large size-large wp-image-140\" alt=\"\" srcset=\"https:\/\/www.philgi.com\/wp-content\/uploads\/2023\/12\/IMG_9868-1024x768.jpg 1024w, https:\/\/www.philgi.com\/wp-content\/uploads\/2023\/12\/IMG_9868-300x225.jpg 300w, https:\/\/www.philgi.com\/wp-content\/uploads\/2023\/12\/IMG_9868-768x576.jpg 768w, https:\/\/www.philgi.com\/wp-content\/uploads\/2023\/12\/IMG_9868-1536x1152.jpg 1536w, https:\/\/www.philgi.com\/wp-content\/uploads\/2023\/12\/IMG_9868-2048x1536.jpg 2048w, https:\/\/www.philgi.com\/wp-content\/uploads\/2023\/12\/IMG_9868-960x720.jpg 960w, https:\/\/www.philgi.com\/wp-content\/uploads\/2023\/12\/IMG_9868-640x480.jpg 640w\" sizes=\"(max-width: 1024px) 100vw, 1024px\" \/>\t\t\t\t\t\t\t\t\t\t\t\t\t\t\t<\/div>\n\t\t\t\t<\/div>\n\t\t\t\t<\/div>\n\t\t\t\t\t<\/div>\n\t\t\t\t<\/div>\n\t\t<div class=\"elementor-element elementor-element-98d783f e-flex e-con-boxed e-con e-parent\" data-id=\"98d783f\" data-element_type=\"container\">\n\t\t\t\t\t<div class=\"e-con-inner\">\n\t\t\t\t<div class=\"elementor-element elementor-element-d890def elementor-widget elementor-widget-text-editor\" data-id=\"d890def\" data-element_type=\"widget\" data-widget_type=\"text-editor.default\">\n\t\t\t\t<div class=\"elementor-widget-container\">\n\t\t\t\t\t\t\t\t\t<p>Influenc\u00e9s par les valeurs de la terre si magnifiquement repr\u00e9sent\u00e9s par Francis Cabrel ou par les textes de Didier Barbelivien, Pierre Bachelet, Charles Aznavour et bien d\u2019autres&#8230;, l\u2019ambiance musicale de Philgi repose essentiellement sur l\u2019authenticit\u00e9 des sentiments et la n\u00e9cessit\u00e9 d\u2019effectuer des \u00ab arr\u00eats sur image \u00bb\u00a0 pour mieux reprendre son souffle dans un monde en perp\u00e9tuel mouvement.\u00a0<\/p>\t\t\t\t\t\t\t\t<\/div>\n\t\t\t\t<\/div>\n\t\t\t\t\t<\/div>\n\t\t\t\t<\/div>\n\t\t<div class=\"elementor-element elementor-element-a81adf0 e-flex e-con-boxed e-con e-parent\" data-id=\"a81adf0\" data-element_type=\"container\">\n\t\t\t\t\t<div class=\"e-con-inner\">\n\t\t\t\t<div class=\"elementor-element elementor-element-ece75ac elementor-widget elementor-widget-image\" data-id=\"ece75ac\" data-element_type=\"widget\" data-widget_type=\"image.default\">\n\t\t\t\t<div class=\"elementor-widget-container\">\n\t\t\t\t\t\t\t\t\t\t\t\t\t\t\t<img decoding=\"async\" width=\"1024\" height=\"500\" src=\"https:\/\/www.philgi.com\/wp-content\/uploads\/2024\/02\/Capture-decran-2024-02-16-a-13.49.58-1024x500.png\" class=\"attachment-large size-large wp-image-707\" alt=\"\" srcset=\"https:\/\/www.philgi.com\/wp-content\/uploads\/2024\/02\/Capture-decran-2024-02-16-a-13.49.58-1024x500.png 1024w, https:\/\/www.philgi.com\/wp-content\/uploads\/2024\/02\/Capture-decran-2024-02-16-a-13.49.58-300x147.png 300w, https:\/\/www.philgi.com\/wp-content\/uploads\/2024\/02\/Capture-decran-2024-02-16-a-13.49.58-768x375.png 768w, https:\/\/www.philgi.com\/wp-content\/uploads\/2024\/02\/Capture-decran-2024-02-16-a-13.49.58.png 1273w\" sizes=\"(max-width: 1024px) 100vw, 1024px\" \/>\t\t\t\t\t\t\t\t\t\t\t\t\t\t\t<\/div>\n\t\t\t\t<\/div>\n\t\t\t\t<div class=\"elementor-element elementor-element-389779a elementor-widget elementor-widget-image\" data-id=\"389779a\" data-element_type=\"widget\" data-widget_type=\"image.default\">\n\t\t\t\t<div class=\"elementor-widget-container\">\n\t\t\t\t\t\t\t\t\t\t\t\t\t\t\t<img loading=\"lazy\" decoding=\"async\" width=\"1024\" height=\"492\" src=\"https:\/\/www.philgi.com\/wp-content\/uploads\/2024\/02\/Capture-decran-2024-02-16-a-13.50.51-1024x492.png\" class=\"attachment-large size-large wp-image-708\" alt=\"\" srcset=\"https:\/\/www.philgi.com\/wp-content\/uploads\/2024\/02\/Capture-decran-2024-02-16-a-13.50.51-1024x492.png 1024w, https:\/\/www.philgi.com\/wp-content\/uploads\/2024\/02\/Capture-decran-2024-02-16-a-13.50.51-300x144.png 300w, https:\/\/www.philgi.com\/wp-content\/uploads\/2024\/02\/Capture-decran-2024-02-16-a-13.50.51-768x369.png 768w, https:\/\/www.philgi.com\/wp-content\/uploads\/2024\/02\/Capture-decran-2024-02-16-a-13.50.51.png 1272w\" sizes=\"(max-width: 1024px) 100vw, 1024px\" \/>\t\t\t\t\t\t\t\t\t\t\t\t\t\t\t<\/div>\n\t\t\t\t<\/div>\n\t\t\t\t\t<\/div>\n\t\t\t\t<\/div>\n\t\t<div class=\"elementor-element elementor-element-0d2c975 e-flex e-con-boxed e-con e-parent\" data-id=\"0d2c975\" data-element_type=\"container\">\n\t\t\t\t\t<div class=\"e-con-inner\">\n\t\t\t\t\t<\/div>\n\t\t\t\t<\/div>\n\t\t<div class=\"elementor-element elementor-element-54fc6dc e-flex e-con-boxed e-con e-parent\" data-id=\"54fc6dc\" data-element_type=\"container\">\n\t\t\t\t\t<div class=\"e-con-inner\">\n\t\t\t\t<div class=\"elementor-element elementor-element-f28f02b elementor-widget elementor-widget-text-editor\" data-id=\"f28f02b\" data-element_type=\"widget\" data-widget_type=\"text-editor.default\">\n\t\t\t\t<div class=\"elementor-widget-container\">\n\t\t\t\t\t\t\t\t\t<p>Apr\u00e8s son premier album studio \u00ab\u00a0 Avec Vous \u00bb , son deuxi\u00e8me album sortira pour la fin 2023 avec des titres forts comme \u00ab Il nous reste 100 jours \u00bb\u00a0 ou encore un dialogue entre un p\u00e8re et son fils intitul\u00e9 \u00abTu me dis \u00bb\u00a0 avec un m\u00e9lange in\u00e9dit\u00a0 Pop \/ Rap prometteur.<\/p>\t\t\t\t\t\t\t\t<\/div>\n\t\t\t\t<\/div>\n\t\t\t\t\t<\/div>\n\t\t\t\t<\/div>\n\t\t<div class=\"elementor-element elementor-element-57f97e9 e-flex e-con-boxed e-con e-parent\" data-id=\"57f97e9\" data-element_type=\"container\">\n\t\t\t\t\t<div class=\"e-con-inner\">\n\t\t\t\t<div class=\"elementor-element elementor-element-642b301 elementor-align-center elementor-widget elementor-widget-button\" data-id=\"642b301\" data-element_type=\"widget\" data-widget_type=\"button.default\">\n\t\t\t\t<div class=\"elementor-widget-container\">\n\t\t\t\t\t\t\t\t\t<div class=\"elementor-button-wrapper\">\n\t\t\t\t\t<a class=\"elementor-button elementor-button-link elementor-size-sm\" href=\"index.php\/tu-me-dis\/\">\n\t\t\t\t\t\t<span class=\"elementor-button-content-wrapper\">\n\t\t\t\t\t\t\t\t\t<span class=\"elementor-button-text\">Voir le clip<\/span>\n\t\t\t\t\t<\/span>\n\t\t\t\t\t<\/a>\n\t\t\t\t<\/div>\n\t\t\t\t\t\t\t\t<\/div>\n\t\t\t\t<\/div>\n\t\t\t\t\t<\/div>\n\t\t\t\t<\/div>\n\t\t\t\t<\/div>\n\t\t","protected":false},"excerpt":{"rendered":"<p>Pr\u00e9sentation N\u00e9 \u00e0 Albi dans le Sud Ouest de la France, Philgi est un amoureux des mots et de la langue Fran\u00e7aise qui s\u2019est essay\u00e9 sur le tard \u00e0 l\u2019\u00e9criture de texte et \u00e0 la composition avec pour point de d\u00e9part une lettre \u00e9crite \u00e0 ses enfants en y ajoutant pour s\u2019amuser quelques accords de [&hellip;]<\/p>\n","protected":false},"author":1,"featured_media":8,"parent":0,"menu_order":0,"comment_status":"closed","ping_status":"closed","template":"elementor_header_footer","meta":{"footnotes":""},"class_list":["post-20","page","type-page","status-publish","has-post-thumbnail","hentry"],"blocksy_meta":[],"_links":{"self":[{"href":"https:\/\/www.philgi.com\/index.php\/wp-json\/wp\/v2\/pages\/20","targetHints":{"allow":["GET"]}}],"collection":[{"href":"https:\/\/www.philgi.com\/index.php\/wp-json\/wp\/v2\/pages"}],"about":[{"href":"https:\/\/www.philgi.com\/index.php\/wp-json\/wp\/v2\/types\/page"}],"author":[{"embeddable":true,"href":"https:\/\/www.philgi.com\/index.php\/wp-json\/wp\/v2\/users\/1"}],"replies":[{"embeddable":true,"href":"https:\/\/www.philgi.com\/index.php\/wp-json\/wp\/v2\/comments?post=20"}],"version-history":[{"count":68,"href":"https:\/\/www.philgi.com\/index.php\/wp-json\/wp\/v2\/pages\/20\/revisions"}],"predecessor-version":[{"id":720,"href":"https:\/\/www.philgi.com\/index.php\/wp-json\/wp\/v2\/pages\/20\/revisions\/720"}],"wp:featuredmedia":[{"embeddable":true,"href":"https:\/\/www.philgi.com\/index.php\/wp-json\/wp\/v2\/media\/8"}],"wp:attachment":[{"href":"https:\/\/www.philgi.com\/index.php\/wp-json\/wp\/v2\/media?parent=20"}],"curies":[{"name":"wp","href":"https:\/\/api.w.org\/{rel}","templated":true}]}}